{"id":3310,"date":"2020-04-27T12:36:14","date_gmt":"2020-04-27T10:36:14","guid":{"rendered":"https:\/\/laurent.qodeinteractive.com\/elementor\/?page_id=3310"},"modified":"2024-02-26T09:43:50","modified_gmt":"2024-02-26T08:43:50","slug":"om-oss","status":"publish","type":"page","link":"https:\/\/sushiarenan.se\/index.php\/om-oss\/","title":{"rendered":"Om Oss"},"content":{"rendered":"\t\t<div data-elementor-type=\"wp-page\" data-elementor-id=\"3310\" class=\"elementor elementor-3310\" data-elementor-settings=\"[]\">\n\t\t\t\t\t\t\t<div class=\"elementor-section-wrap\">\n\t\t\t\t\t\t\t<section class=\"eltdf-parallax-row-holder elementor-section elementor-top-section elementor-element elementor-element-85bcce9 eltdf-parallax-row-holder eltdf-elementor-row-grid-section elementor-section-boxed elementor-section-height-default elementor-section-height-default eltdf-content-aligment-left eltdf-disabled-bg-image-bellow-no\" data-parallax-bg-speed=\"1\" data-parallax-bg-image=\"https:\/\/sushiarenan.se\/wp-content\/uploads\/2021\/11\/sushi-arenan-meny.jpg\" data-parallax-bg-height=\"0\" data-id=\"85bcce9\" data-element_type=\"section\" data-settings=\"{&quot;elated_parallax_image&quot;:{&quot;url&quot;:&quot;https:\\\/\\\/sushiarenan.se\\\/wp-content\\\/uploads\\\/2021\\\/11\\\/sushi-arenan-meny.jpg&quot;,&quot;id&quot;:4620,&quot;alt&quot;:&quot;&quot;,&quot;source&quot;:&quot;library&quot;}}\">\n\t\t\t\t\t\t<div class=\"elementor-container elementor-column-gap-default\">\n\t\t\t\t\t<div class=\"elementor-column elementor-col-100 elementor-top-column elementor-element elementor-element-c852528\" data-id=\"c852528\" data-element_type=\"column\">\n\t\t\t<div class=\"elementor-widget-wrap\">\n\t\t\t\t\t\t\t\t\t<\/div>\n\t\t<\/div>\n\t\t\t\t\t\t\t<\/div>\n\t\t<\/section>\n\t\t\t\t<section class=\"elementor-section elementor-top-section elementor-element elementor-element-1d23483 elementor-section-boxed elementor-section-height-default elementor-section-height-default eltdf-parallax-row-no eltdf-content-aligment-left eltdf-elementor-row-grid-no eltdf-disabled-bg-image-bellow-no\" data-id=\"1d23483\" data-element_type=\"section\">\n\t\t\t\t\t\t<div class=\"elementor-container elementor-column-gap-default\">\n\t\t\t\t\t<div class=\"elementor-column elementor-col-100 elementor-top-column elementor-element elementor-element-5bf6620\" data-id=\"5bf6620\" data-element_type=\"column\">\n\t\t\t<div class=\"elementor-widget-wrap elementor-element-populated\">\n\t\t\t\t\t\t\t\t<div class=\"elementor-element elementor-element-c4c2ffc elementor-widget elementor-widget-eltdf_section_title\" data-id=\"c4c2ffc\" data-element_type=\"widget\" data-widget_type=\"eltdf_section_title.default\">\n\t\t\t\t<div class=\"elementor-widget-container\">\n\t\t\t<div class=\"eltdf-section-title-holder    eltdf-st-decor-animation\" style=\"text-align: center\">\n\t<div class=\"eltdf-st-inner\">\n        \t\t            <div class=\"eltdf-st-title-holder\">\n                                    <div class=\"decor\"><svg xmlns=\"http:\/\/www.w3.org\/2000\/svg\" width=\"41.125\" height=\"9.146\">\n                            <path fill=\"none\" stroke=\"#9C7C57\" stroke-miterlimit=\"10\" d=\"M40.881 8.576L20.562.591.244 8.576\"\/>\n                            <path fill=\"none\" stroke=\"#9C7C57\" stroke-miterlimit=\"10\" d=\"M40.881.591L20.562 8.576.243.591\"\/>\n                        <\/svg><\/div>\n                                <h1 class=\"eltdf-st-title\" >\n                    PASSION  ,  ERFARENHET  ,  KVALITET                 <\/h1>\n                                    <div class=\"decor\"><svg xmlns=\"http:\/\/www.w3.org\/2000\/svg\" width=\"41.125\" height=\"9.146\">\n                            <path fill=\"none\" stroke=\"#9C7C57\" stroke-miterlimit=\"10\" d=\"M40.881 8.576L20.562.591.244 8.576\"\/>\n                            <path fill=\"none\" stroke=\"#9C7C57\" stroke-miterlimit=\"10\" d=\"M40.881.591L20.562 8.576.243.591\"\/>\n                        <\/svg><\/div>\n                            <\/div>\n\t\t\t\t\t\t\t<p class=\"eltdf-st-text\" >\n\t\t\t\tDessa v\u00e4rderingar som skapar identiteten f\u00f6r v\u00e5r restaurang SUSHI ARENAN, Varje sushibit \u00e4r tillagat med passion f\u00f6r att kombinera de f\u00e4rskaste ingredienserna. V\u00e5r meny \u00e4r tillverkad med yttersta k\u00e4rlek som f\u00e5r dig att komma tillbaka f\u00f6r mer.\nHos oss kan du njuta tradionell nigiri sushi, sashimi, poke bowl, Vegansk sushi, maki rullar, varmar\u00e4tter samt goda tillbeh\u00f6r\t\t\t<\/p>\n\t\t\t\t\t<\/div>\n<\/div>\t\t<\/div>\n\t\t\t\t<\/div>\n\t\t\t\t\t<\/div>\n\t\t<\/div>\n\t\t\t\t\t\t\t<\/div>\n\t\t<\/section>\n\t\t\t\t\t\t<\/div>\n\t\t\t\t\t<\/div>\n\t\t","protected":false},"excerpt":{"rendered":"<p>PASSION , ERFARENHET , KVALITET Dessa v\u00e4rderingar som skapar identiteten f\u00f6r v\u00e5r restaurang SUSHI ARENAN, Varje sushibit \u00e4r tillagat med passion f\u00f6r att kombinera de f\u00e4rskaste ingredienserna. V\u00e5r meny \u00e4r tillverkad med yttersta k\u00e4rlek som f\u00e5r dig att komma tillbaka f\u00f6r mer. Hos oss kan du njuta tradionell nigiri sushi, sashimi, poke bowl, Vegansk sushi, maki rullar, varmar\u00e4tter samt goda [&hellip;]<\/p>\n","protected":false},"author":1,"featured_media":0,"parent":0,"menu_order":0,"comment_status":"closed","ping_status":"closed","template":"full-width.php","meta":{"om_disable_all_campaigns":false,"_monsterinsights_skip_tracking":false,"_monsterinsights_sitenote_active":false,"_monsterinsights_sitenote_note":"","_monsterinsights_sitenote_category":0,"footnotes":""},"aioseo_notices":[],"_links":{"self":[{"href":"https:\/\/sushiarenan.se\/index.php\/wp-json\/wp\/v2\/pages\/3310"}],"collection":[{"href":"https:\/\/sushiarenan.se\/index.php\/wp-json\/wp\/v2\/pages"}],"about":[{"href":"https:\/\/sushiarenan.se\/index.php\/wp-json\/wp\/v2\/types\/page"}],"author":[{"embeddable":true,"href":"https:\/\/sushiarenan.se\/index.php\/wp-json\/wp\/v2\/users\/1"}],"replies":[{"embeddable":true,"href":"https:\/\/sushiarenan.se\/index.php\/wp-json\/wp\/v2\/comments?post=3310"}],"version-history":[{"count":16,"href":"https:\/\/sushiarenan.se\/index.php\/wp-json\/wp\/v2\/pages\/3310\/revisions"}],"predecessor-version":[{"id":4801,"href":"https:\/\/sushiarenan.se\/index.php\/wp-json\/wp\/v2\/pages\/3310\/revisions\/4801"}],"wp:attachment":[{"href":"https:\/\/sushiarenan.se\/index.php\/wp-json\/wp\/v2\/media?parent=3310"}],"curies":[{"name":"wp","href":"https:\/\/api.w.org\/{rel}","templated":true}]}}